Dec 01 10:42:16.029 INFO testing lunaryorn/mdcat against master#8940af3cea4a9a9deabcaf843b2f8cad9a83fc61 for beta-1.31-5
Dec 01 10:42:16.030 INFO running `"docker" "create" "-v" "/mnt/big/crater/work/local/target-dirs/beta-1.31-5/worker-0/master#8940af3cea4a9a9deabcaf843b2f8cad9a83fc61:/target:rw,Z" "-v" "/mnt/big/crater/work/local/test-source/worker-0/beta-1.31-5/master#8940af3cea4a9a9deabcaf843b2f8cad9a83fc61:/source:ro,Z" "-v" "/mnt/big/crater/work/local/cargo-home:/cargo-home:ro,Z" "-v" "/mnt/big/crater/work/local/rustup-home:/rustup-home:ro,Z" "-e" "USER_ID=1000" "-e" "SOURCE_DIR=/source" "-e" "USER_ID=1000" "-e" "CMD=cargo +8940af3cea4a9a9deabcaf843b2f8cad9a83fc61-alt build --frozen" "-e" "CARGO_TARGET_DIR=/target" "-e" "CARGO_INCREMENTAL=0" "-e" "RUST_BACKTRACE=full" "-e" "RUSTFLAGS=--cap-lints=warn" "-e" "CARGO_HOME=/cargo-home" "-e" "RUSTUP_HOME=/rustup-home" "-m" "1536M" "--network" "none" "crater"`
Dec 01 10:42:16.458 INFO [stdout] eaf7a3e1e902f26597f46ae3d5935ea160c5293043c36fcdb9ef8a8240402cfa
Dec 01 10:42:16.460 INFO running `"docker" "start" "-a" "eaf7a3e1e902f26597f46ae3d5935ea160c5293043c36fcdb9ef8a8240402cfa"`
Dec 01 10:42:17.886 INFO [stderr] usermod: no changes
Dec 01 10:42:18.339 INFO [stderr]    Compiling proc-macro2 v0.4.23
Dec 01 10:42:18.348 INFO [stderr]    Compiling plist v0.3.0
Dec 01 10:42:18.350 INFO [stderr]    Compiling pulldown-cmark v0.2.0
Dec 01 10:42:18.352 INFO [stderr]    Compiling arrayvec v0.4.7
Dec 01 10:42:18.353 INFO [stderr]    Compiling onig_sys v69.0.0
Dec 01 10:42:18.359 INFO [stderr]    Compiling walkdir v2.2.7
Dec 01 10:42:18.375 INFO [stderr]    Compiling tokio-io v0.1.10
Dec 01 10:42:18.375 INFO [stderr]    Compiling clap v2.32.0
Dec 01 10:42:23.032 INFO [stderr]    Compiling bincode v1.0.1
Dec 01 10:42:23.133 INFO [stderr]    Compiling flate2 v1.0.4
Dec 01 10:42:26.335 INFO [stderr]    Compiling serde_urlencoded v0.5.3
Dec 01 10:42:26.517 INFO [stderr]    Compiling crossbeam-epoch v0.6.1
Dec 01 10:42:29.736 INFO [stderr]    Compiling immeta v0.4.0
Dec 01 10:42:34.739 INFO [stderr]    Compiling tokio-codec v0.1.1
Dec 01 10:42:34.795 INFO [stderr]    Compiling h2 v0.1.13
Dec 01 10:42:37.097 INFO [stderr]    Compiling tokio-reactor v0.1.6
Dec 01 10:42:47.045 INFO [stderr]    Compiling crossbeam-deque v0.6.2
Dec 01 10:42:51.759 INFO [stderr]    Compiling tokio-uds v0.2.3
Dec 01 10:42:51.803 INFO [stderr]    Compiling tokio-tcp v0.1.2
Dec 01 10:42:51.861 INFO [stderr]    Compiling tokio-udp v0.1.2
Dec 01 10:42:52.063 INFO [stderr]    Compiling tokio-threadpool v0.1.8
Dec 01 10:42:52.199 INFO [stderr]    Compiling quote v0.6.10
Dec 01 10:42:55.655 INFO [stderr]    Compiling onig v4.2.1
Dec 01 10:43:10.607 INFO [stderr]    Compiling syn v0.15.20
Dec 01 10:43:10.655 INFO [stderr]    Compiling tokio-fs v0.1.4
Dec 01 10:43:13.419 INFO [stderr]    Compiling tokio v0.1.11
Dec 01 10:43:16.126 INFO [stderr]    Compiling hyper v0.12.14
Dec 01 10:43:22.992 INFO [stderr]    Compiling synstructure v0.10.1
Dec 01 10:43:22.992 INFO [stderr]    Compiling serde_derive v1.0.80
Dec 01 10:43:24.107 INFO [stderr]    Compiling hyper-tls v0.3.1
Dec 01 10:43:28.007 INFO [stderr]    Compiling reqwest v0.9.4
Dec 01 10:43:29.250 INFO [stderr]    Compiling failure_derive v0.1.3
Dec 01 10:43:32.383 INFO [stderr]    Compiling failure v0.1.3
Dec 01 10:43:40.537 INFO [stderr]    Compiling syntect v3.0.2
Dec 01 10:43:48.231 INFO [stderr]    Compiling mdcat v0.11.1-pre (/source)
Dec 01 10:44:02.427 INFO [stderr]     Finished dev [unoptimized + debuginfo] target(s) in 1m 44s
Dec 01 10:44:02.454 INFO [stderr] su: No module specific data is present
Dec 01 10:44:03.183 INFO running `"docker" "inspect" "eaf7a3e1e902f26597f46ae3d5935ea160c5293043c36fcdb9ef8a8240402cfa"`
Dec 01 10:44:03.474 INFO running `"docker" "rm" "-f" "eaf7a3e1e902f26597f46ae3d5935ea160c5293043c36fcdb9ef8a8240402cfa"`
Dec 01 10:44:03.731 INFO [stdout] eaf7a3e1e902f26597f46ae3d5935ea160c5293043c36fcdb9ef8a8240402cfa
Dec 01 10:44:03.739 INFO running `"docker" "create" "-v" "/mnt/big/crater/work/local/target-dirs/beta-1.31-5/worker-0/master#8940af3cea4a9a9deabcaf843b2f8cad9a83fc61:/target:rw,Z" "-v" "/mnt/big/crater/work/local/test-source/worker-0/beta-1.31-5/master#8940af3cea4a9a9deabcaf843b2f8cad9a83fc61:/source:ro,Z" "-v" "/mnt/big/crater/work/local/cargo-home:/cargo-home:ro,Z" "-v" "/mnt/big/crater/work/local/rustup-home:/rustup-home:ro,Z" "-e" "USER_ID=1000" "-e" "SOURCE_DIR=/source" "-e" "USER_ID=1000" "-e" "CMD=cargo +8940af3cea4a9a9deabcaf843b2f8cad9a83fc61-alt test --frozen --no-run" "-e" "CARGO_TARGET_DIR=/target" "-e" "CARGO_INCREMENTAL=0" "-e" "RUST_BACKTRACE=full" "-e" "RUSTFLAGS=--cap-lints=warn" "-e" "CARGO_HOME=/cargo-home" "-e" "RUSTUP_HOME=/rustup-home" "-m" "1536M" "--network" "none" "crater"`
Dec 01 10:44:04.308 INFO [stdout] 22ed8752e0080b327accb13d2e7f3c8ce0d9e93c102112c3d05349c6c125a3ba
Dec 01 10:44:04.313 INFO running `"docker" "start" "-a" "22ed8752e0080b327accb13d2e7f3c8ce0d9e93c102112c3d05349c6c125a3ba"`
Dec 01 10:44:05.397 INFO [stderr] usermod: no changes
Dec 01 10:44:05.806 INFO [stderr]    Compiling pretty_assertions v0.5.1
Dec 01 10:44:06.705 INFO [stderr]    Compiling mdcat v0.11.1-pre (/source)
Dec 01 10:44:27.999 INFO [stderr]     Finished dev [unoptimized + debuginfo] target(s) in 22.57s
Dec 01 10:44:28.035 INFO [stderr] su: No module specific data is present
Dec 01 10:44:29.031 INFO running `"docker" "inspect" "22ed8752e0080b327accb13d2e7f3c8ce0d9e93c102112c3d05349c6c125a3ba"`
Dec 01 10:44:29.435 INFO running `"docker" "rm" "-f" "22ed8752e0080b327accb13d2e7f3c8ce0d9e93c102112c3d05349c6c125a3ba"`
Dec 01 10:44:29.770 INFO [stdout] 22ed8752e0080b327accb13d2e7f3c8ce0d9e93c102112c3d05349c6c125a3ba
Dec 01 10:44:29.783 INFO running `"docker" "create" "-v" "/mnt/big/crater/work/local/target-dirs/beta-1.31-5/worker-0/master#8940af3cea4a9a9deabcaf843b2f8cad9a83fc61:/target:rw,Z" "-v" "/mnt/big/crater/work/local/test-source/worker-0/beta-1.31-5/master#8940af3cea4a9a9deabcaf843b2f8cad9a83fc61:/source:ro,Z" "-v" "/mnt/big/crater/work/local/cargo-home:/cargo-home:ro,Z" "-v" "/mnt/big/crater/work/local/rustup-home:/rustup-home:ro,Z" "-e" "USER_ID=1000" "-e" "SOURCE_DIR=/source" "-e" "USER_ID=1000" "-e" "CMD=cargo +8940af3cea4a9a9deabcaf843b2f8cad9a83fc61-alt test --frozen" "-e" "CARGO_TARGET_DIR=/target" "-e" "CARGO_INCREMENTAL=0" "-e" "RUST_BACKTRACE=full" "-e" "RUSTFLAGS=--cap-lints=warn" "-e" "CARGO_HOME=/cargo-home" "-e" "RUSTUP_HOME=/rustup-home" "-m" "1536M" "--network" "none" "crater"`
Dec 01 10:44:30.376 INFO [stdout] 50b0f6294dbc063622dee6b1954efed11ace9c9260bcee4298cd714c211d2c04
Dec 01 10:44:30.378 INFO running `"docker" "start" "-a" "50b0f6294dbc063622dee6b1954efed11ace9c9260bcee4298cd714c211d2c04"`
Dec 01 10:44:32.796 INFO [stderr] usermod: no changes
Dec 01 10:44:33.172 INFO [stderr]     Finished dev [unoptimized + debuginfo] target(s) in 0.35s
Dec 01 10:44:33.198 INFO [stderr]      Running /target/debug/deps/mdcat-3a69acd64dbd6345
Dec 01 10:44:33.209 INFO [stdout] 
Dec 01 10:44:33.209 INFO [stdout] running 9 tests
Dec 01 10:44:33.246 INFO [stdout] test resources::tests::resource_access_permits_https_url ... ok
Dec 01 10:44:33.260 INFO [stdout] test resources::tests::resource_access_permits_local_resource ... ok
Dec 01 10:44:33.267 INFO [stdout] test resources::tests::resource_access_permits_remote_file_url ... ok
Dec 01 10:44:33.277 INFO [stdout] test terminal::osc::tests::url_needs_explicit_host ... ok
Dec 01 10:44:33.291 INFO [stdout] test terminal::osc::tests::gethostname ... ok
Dec 01 10:44:33.291 INFO [stdout] test terminal::iterm2::magic::tests::detect_mimetype_of_svg_image ... ok
Dec 01 10:44:33.315 INFO [stdout] test terminal::iterm2::magic::tests::detect_mimetype_of_png_image ... ok
Dec 01 10:44:33.714 INFO [stdout] test terminal::iterm2::tests::read_url_with_http_url_returns_content_when_status_200 ... FAILED
Dec 01 10:44:33.723 INFO [stdout] test terminal::iterm2::tests::read_url_with_http_url_fails_when_status_404 ... FAILED
Dec 01 10:44:33.723 INFO [stdout] 
Dec 01 10:44:33.723 INFO [stdout] failures:
Dec 01 10:44:33.723 INFO [stdout] 
Dec 01 10:44:33.724 INFO [stdout] ---- terminal::iterm2::tests::read_url_with_http_url_returns_content_when_status_200 stdout ----
Dec 01 10:44:33.724 INFO [stdout] thread 'terminal::iterm2::tests::read_url_with_http_url_returns_content_when_status_200' panicked at 'Unexpected error: Err(Inner { kind: Hyper(Error { kind: Connect, cause: Custom { kind: Other, error: StringError("failed to lookup address information: Temporary failure in name resolution") } }), url: Some("https://eu.httpbin.org/bytes/100") }
Dec 01 10:44:33.724 INFO [stdout] 
Dec 01 10:44:33.724 INFO [stdout] stack backtrace:
Dec 01 10:44:33.724 INFO [stdout]    0:     0x562289abdfe6 - backtrace::backtrace::libunwind::trace::h7e8607a65e922a38
Dec 01 10:44:33.724 INFO [stdout]                         at /cargo-home/registry/src/github.com-1ecc6299db9ec823/backtrace-0.3.9/src/backtrace/libunwind.rs:53
Dec 01 10:44:33.724 INFO [stdout]                          - backtrace::backtrace::trace::hb115d117b63e81bb
Dec 01 10:44:33.724 INFO [stdout]                         at /cargo-home/registry/src/github.com-1ecc6299db9ec823/backtrace-0.3.9/src/backtrace/mod.rs:42
Dec 01 10:44:33.724 INFO [stdout]    1:     0x562289ab86f3 - backtrace::capture::Backtrace::new_unresolved::h55e52c79276efaea
Dec 01 10:44:33.724 INFO [stdout]                         at /cargo-home/registry/src/github.com-1ecc6299db9ec823/backtrace-0.3.9/src/capture.rs:88
Dec 01 10:44:33.724 INFO [stdout]    2:     0x562289ab7053 - failure::backtrace::internal::InternalBacktrace::new::h5eb431313b69e1d1
Dec 01 10:44:33.725 INFO [stdout]                         at /cargo-home/registry/src/github.com-1ecc6299db9ec823/failure-0.1.3/src/backtrace/internal.rs:44
Dec 01 10:44:33.725 INFO [stdout]    3:     0x562289ab655c - failure::backtrace::Backtrace::new::ha03e1b1f8949683a
Dec 01 10:44:33.725 INFO [stdout]                         at /cargo-home/registry/src/github.com-1ecc6299db9ec823/failure-0.1.3/src/backtrace/mod.rs:111
Dec 01 10:44:33.725 INFO [stdout]    4:     0x5622895373f7 - <failure::error::error_impl::ErrorImpl as core::convert::From<F>>::from::h6e170671c0535288
Dec 01 10:44:33.725 INFO [stdout]                         at /cargo-home/registry/src/github.com-1ecc6299db9ec823/failure-0.1.3/src/error/error_impl.rs:19
Dec 01 10:44:33.725 INFO [stdout]    5:     0x562289533132 - <failure::error::Error as core::convert::From<F>>::from::hf1b4fba8eecea6a9
Dec 01 10:44:33.725 INFO [stdout]                         at /cargo-home/registry/src/github.com-1ecc6299db9ec823/failure-0.1.3/src/error/mod.rs:36
Dec 01 10:44:33.725 INFO [stdout]    6:     0x5622895315c2 - mdcat::terminal::iterm2::read_url::h173a8ef3e4a22ee8
Dec 01 10:44:33.725 INFO [stdout]                         at src/terminal/iterm2/mod.rs:80
Dec 01 10:44:33.725 INFO [stdout]    7:     0x562289533692 - mdcat::terminal::iterm2::tests::read_url_with_http_url_returns_content_when_status_200::hcbdef4e71d4925db
Dec 01 10:44:33.725 INFO [stdout]                         at src/terminal/iterm2/mod.rs:158
Dec 01 10:44:33.725 INFO [stdout]    8:     0x562289533619 - mdcat::terminal::iterm2::tests::read_url_with_http_url_returns_content_when_status_200::{{closure}}::hd0a0d0678c6d060a
Dec 01 10:44:33.725 INFO [stdout]                         at src/terminal/iterm2/mod.rs:154
Dec 01 10:44:33.725 INFO [stdout]    9:     0x562289538b2d - core::ops::function::FnOnce::call_once::h8dd4726919ba0fa1
Dec 01 10:44:33.725 INFO [stdout]                         at libcore/ops/function.rs:238
Dec 01 10:44:33.725 INFO [stdout]   10:     0x5622895427de - test::run_test::{{closure}}::h22f923ed51962bb2
Dec 01 10:44:33.725 INFO [stdout]                         at libtest/lib.rs:1468
Dec 01 10:44:33.725 INFO [stdout]                          - core::ops::function::FnOnce::call_once::he2d9197ddf9e830c
Dec 01 10:44:33.725 INFO [stdout]                         at libcore/ops/function.rs:238
Dec 01 10:44:33.725 INFO [stdout]                          - <F as alloc::boxed::FnBox<A>>::call_box::hac903f91577a156c
Dec 01 10:44:33.725 INFO [stdout]                         at liballoc/boxed.rs:672
Dec 01 10:44:33.725 INFO [stdout]   11:     0x562289b10039 - __rust_maybe_catch_panic
Dec 01 10:44:33.725 INFO [stdout]                         at libpanic_unwind/lib.rs:102
Dec 01 10:44:33.725 INFO [stdout]   12:     0x562289564432 - std::panicking::try::h86d959bc0ec6cdfc
Dec 01 10:44:33.725 INFO [stdout]                         at libstd/panicking.rs:289
Dec 01 10:44:33.725 INFO [stdout]                          - std::panic::catch_unwind::h58f3b0b822e24260
Dec 01 10:44:33.725 INFO [stdout]                         at libstd/panic.rs:392
Dec 01 10:44:33.725 INFO [stdout]                          - test::run_test::run_test_inner::{{closure}}::h6052d99a909b4d79
Dec 01 10:44:33.725 INFO [stdout]                         at libtest/lib.rs:1423
Dec 01 10:44:33.725 INFO [stdout]                          - std::sys_common::backtrace::__rust_begin_short_backtrace::hb8f0d0309526c184
Dec 01 10:44:33.725 INFO [stdout]                         at libstd/sys_common/backtrace.rs:136
Dec 01 10:44:33.725 INFO [stdout]   13:     0x562289564ee4 - std::thread::Builder::spawn::{{closure}}::{{closure}}::he41bdc16beab5bc6
Dec 01 10:44:33.725 INFO [stdout]                         at libstd/thread/mod.rs:409
Dec 01 10:44:33.725 INFO [stdout]                          - <std::panic::AssertUnwindSafe<F> as core::ops::function::FnOnce<()>>::call_once::h250f97bbd023a26e
Dec 01 10:44:33.725 INFO [stdout]                         at libstd/panic.rs:313
Dec 01 10:44:33.725 INFO [stdout]                          - std::panicking::try::do_call::hc2f7c8b9a348d8db
Dec 01 10:44:33.725 INFO [stdout]                         at libstd/panicking.rs:310
Dec 01 10:44:33.725 INFO [stdout]   14:     0x562289b10039 - __rust_maybe_catch_panic
Dec 01 10:44:33.725 INFO [stdout]                         at libpanic_unwind/lib.rs:102
Dec 01 10:44:33.725 INFO [stdout]   15:     0x56228955211c - std::panicking::try::h060637bb9966bca1
Dec 01 10:44:33.725 INFO [stdout]                         at libstd/panicking.rs:289
Dec 01 10:44:33.725 INFO [stdout]                          - std::panic::catch_unwind::hbb63bac845704635
Dec 01 10:44:33.725 INFO [stdout]                         at libstd/panic.rs:392
Dec 01 10:44:33.725 INFO [stdout]                          - std::thread::Builder::spawn::{{closure}}::h3a662d8ffcf3ef15
Dec 01 10:44:33.725 INFO [stdout]                         at libstd/thread/mod.rs:408
Dec 01 10:44:33.725 INFO [stdout]                          - <F as alloc::boxed::FnBox<A>>::call_box::h6bfded618e480b32
Dec 01 10:44:33.725 INFO [stdout]                         at liballoc/boxed.rs:672
Dec 01 10:44:33.725 INFO [stdout]   16:     0x562289afa7fd - <alloc::boxed::Box<(dyn alloc::boxed::FnBox<A, Output=R> + 'a)> as core::ops::function::FnOnce<A>>::call_once::h107741f455b08c4c
Dec 01 10:44:33.725 INFO [stdout]                         at liballoc/boxed.rs:682
Dec 01 10:44:33.725 INFO [stdout]                          - std::sys_common::thread::start_thread::h4c28257d67cdf9cb
Dec 01 10:44:33.725 INFO [stdout]                         at libstd/sys_common/thread.rs:24
Dec 01 10:44:33.725 INFO [stdout]   17:     0x562289aea485 - std::sys::unix::thread::Thread::new::thread_start::hfecb2e7eff8fd34f
Dec 01 10:44:33.725 INFO [stdout]                         at libstd/sys/unix/thread.rs:90
Dec 01 10:44:33.725 INFO [stdout]   18:     0x7f65f208e6b9 - start_thread
Dec 01 10:44:33.725 INFO [stdout]   19:     0x7f65f1bae41c - clone
Dec 01 10:44:33.725 INFO [stdout]   20:                0x0 - <unknown>)', src/terminal/iterm2/mod.rs:159:9
Dec 01 10:44:33.725 INFO [stdout] stack backtrace:
Dec 01 10:44:33.725 INFO [stdout]    0:     0x562289af7e7f - std::sys::unix::backtrace::tracing::imp::unwind_backtrace::h3a8b83e1922cbdde
Dec 01 10:44:33.725 INFO [stdout]                                at libstd/sys/unix/backtrace/tracing/gcc_s.rs:49
Dec 01 10:44:33.725 INFO [stdout]    1:     0x562289b05087 - std::sys_common::backtrace::print::h00d3155a29b4020f
Dec 01 10:44:33.725 INFO [stdout]                                at libstd/sys_common/backtrace.rs:71
Dec 01 10:44:33.725 INFO [stdout]                                at libstd/sys_common/backtrace.rs:59
Dec 01 10:44:33.725 INFO [stdout]    2:     0x562289afd95f - std::panicking::default_hook::{{closure}}::hd7465c742e79e1bb
Dec 01 10:44:33.725 INFO [stdout]                                at libstd/panicking.rs:211
Dec 01 10:44:33.725 INFO [stdout]    3:     0x562289afd65e - std::panicking::default_hook::h9e3966f2aa2a6e12
Dec 01 10:44:33.725 INFO [stdout]                                at libstd/panicking.rs:221
Dec 01 10:44:33.725 INFO [stdout]    4:     0x562289afe03e - std::panicking::rust_panic_with_hook::h587f091ae747d080
Dec 01 10:44:33.725 INFO [stdout]                                at libstd/panicking.rs:476
Dec 01 10:44:33.725 INFO [stdout]    5:     0x562289afdbe1 - std::panicking::continue_panic_fmt::hb3a4fdede87f43a8
Dec 01 10:44:33.725 INFO [stdout]                                at libstd/panicking.rs:390
Dec 01 10:44:33.725 INFO [stdout]    6:     0x562289afdb2e - std::panicking::begin_panic_fmt::h387afc7da9a10555
Dec 01 10:44:33.725 INFO [stdout]                                at libstd/panicking.rs:345
Dec 01 10:44:33.725 INFO [stdout]    7:     0x5622895337b6 - mdcat::terminal::iterm2::tests::read_url_with_http_url_returns_content_when_status_200::hcbdef4e71d4925db
Dec 01 10:44:33.725 INFO [stdout]                                at src/terminal/iterm2/mod.rs:159
Dec 01 10:44:33.725 INFO [stdout]    8:     0x562289533619 - mdcat::terminal::iterm2::tests::read_url_with_http_url_returns_content_when_status_200::{{closure}}::hd0a0d0678c6d060a
Dec 01 10:44:33.725 INFO [stdout]                                at src/terminal/iterm2/mod.rs:154
Dec 01 10:44:33.725 INFO [stdout]    9:     0x562289538b2d - core::ops::function::FnOnce::call_once::h8dd4726919ba0fa1
Dec 01 10:44:33.725 INFO [stdout]                                at libcore/ops/function.rs:238
Dec 01 10:44:33.725 INFO [stdout]   10:     0x5622895427de - <F as alloc::boxed::FnBox<A>>::call_box::hac903f91577a156c
Dec 01 10:44:33.725 INFO [stdout]                                at libtest/lib.rs:1468
Dec 01 10:44:33.725 INFO [stdout]                                at libcore/ops/function.rs:238
Dec 01 10:44:33.725 INFO [stdout]                                at liballoc/boxed.rs:672
Dec 01 10:44:33.725 INFO [stdout]   11:     0x562289b10039 - __rust_maybe_catch_panic
Dec 01 10:44:33.725 INFO [stdout]                                at libpanic_unwind/lib.rs:102
Dec 01 10:44:33.725 INFO [stdout]   12:     0x562289564432 - std::sys_common::backtrace::__rust_begin_short_backtrace::hb8f0d0309526c184
Dec 01 10:44:33.725 INFO [stdout]                                at libstd/panicking.rs:289
Dec 01 10:44:33.725 INFO [stdout]                                at libstd/panic.rs:392
Dec 01 10:44:33.726 INFO [stdout]                                at libtest/lib.rs:1423
Dec 01 10:44:33.726 INFO [stdout]                                at libstd/sys_common/backtrace.rs:136
Dec 01 10:44:33.726 INFO [stdout]   13:     0x562289564ee4 - std::panicking::try::do_call::hc2f7c8b9a348d8db
Dec 01 10:44:33.726 INFO [stdout]                                at libstd/thread/mod.rs:409
Dec 01 10:44:33.726 INFO [stdout]                                at libstd/panic.rs:313
Dec 01 10:44:33.726 INFO [stdout]                                at libstd/panicking.rs:310
Dec 01 10:44:33.726 INFO [stdout]   14:     0x562289b10039 - __rust_maybe_catch_panic
Dec 01 10:44:33.726 INFO [stdout]                                at libpanic_unwind/lib.rs:102
Dec 01 10:44:33.726 INFO [stdout]   15:     0x56228955211c - <F as alloc::boxed::FnBox<A>>::call_box::h6bfded618e480b32
Dec 01 10:44:33.726 INFO [stdout]                                at libstd/panicking.rs:289
Dec 01 10:44:33.726 INFO [stdout]                                at libstd/panic.rs:392
Dec 01 10:44:33.726 INFO [stdout]                                at libstd/thread/mod.rs:408
Dec 01 10:44:33.726 INFO [stdout]                                at liballoc/boxed.rs:672
Dec 01 10:44:33.726 INFO [stdout]   16:     0x562289afa7fd - std::sys_common::thread::start_thread::h4c28257d67cdf9cb
Dec 01 10:44:33.726 INFO [stdout]                                at liballoc/boxed.rs:682
Dec 01 10:44:33.726 INFO [stdout]                                at libstd/sys_common/thread.rs:24
Dec 01 10:44:33.726 INFO [stdout]   17:     0x562289aea485 - std::sys::unix::thread::Thread::new::thread_start::hfecb2e7eff8fd34f
Dec 01 10:44:33.726 INFO [stdout]                                at libstd/sys/unix/thread.rs:90
Dec 01 10:44:33.726 INFO [stdout]   18:     0x7f65f208e6b9 - start_thread
Dec 01 10:44:33.726 INFO [stdout]   19:     0x7f65f1bae41c - clone
Dec 01 10:44:33.726 INFO [stdout]   20:                0x0 - <unknown>
Dec 01 10:44:33.726 INFO [stdout] 
Dec 01 10:44:33.726 INFO [stdout] ---- terminal::iterm2::tests::read_url_with_http_url_fails_when_status_404 stdout ----
Dec 01 10:44:33.726 INFO [stdout] thread 'terminal::iterm2::tests::read_url_with_http_url_fails_when_status_404' panicked at 'assertion failed: `(left == right)`
Dec 01 10:44:33.726 INFO [stdout] 
Dec 01 10:44:33.726 INFO [stdout] [1mDiff[0m [31m< left[0m / [32mright >[0m :
Dec 01 10:44:33.726 INFO [stdout] [31m<[0m[31m"[0m[1;48;5;52;31mhttps://[0m[31me[0m[1;48;5;52;31mu.httpbin.[0m[31mor[0m[1;48;5;52;31mg/[0m[31mstatus[0m[1;48;5;52;31m/[0m[31m404[0m[1;48;5;52;31m:[0m[31m [0m[1;48;5;52;31man err[0m[31mo[0m[1;48;5;52;31mr[0m[31m [0m[31mo[0m[1;48;5;52;31mcc[0m[31mu[0m[1;48;5;52;31mrre[0m[31md [0m[1;48;5;52;31mtr[0m[31my[0m[1;48;5;52;31ming[0m[31m [0m[31mt[0m[1;48;5;52;31mo connec[0m[31mt[0m[31m:[0m[1;48;5;52;31m fail[0m[31me[0m[1;48;5;52;31md [0m[31mt[0m[1;48;5;52;31mo looku[0m[31mp[0m[1;48;5;52;31m address [0m[31min[0m[1;48;5;52;31mf[0m[31mor[0m[1;48;5;52;31mm[0m[31mat[0m[1;48;5;52;31mion: Temporary fail[0m[31mu[0m[1;48;5;52;31mre in name re[0m[31ms[0m[1;48;5;52;31molution[0m[31m"[0m
Dec 01 10:44:33.726 INFO [stdout] [32m>[0m[32m"[0m[1;48;5;22;32mHTTP [0m[32me[0m[1;48;5;22;32mrr[0m[32mor[0m[1;48;5;22;32m [0m[32mstatus[0m[1;48;5;22;32m [0m[32m404[0m[32m [0m[1;48;5;22;32mN[0m[32mo[0m[1;48;5;22;32mt[0m[32m [0m[1;48;5;22;32mF[0m[32mo[0m[32mu[0m[1;48;5;22;32mn[0m[32md [0m[1;48;5;22;32mb[0m[32my[0m[32m [0m[1;48;5;22;32mGET h[0m[32mt[0m[32mt[0m[1;48;5;22;32mps[0m[32m:[0m[1;48;5;22;32m//[0m[32me[0m[1;48;5;22;32mu.h[0m[32mt[0m[1;48;5;22;32mt[0m[32mp[0m[1;48;5;22;32mb[0m[32min[0m[1;48;5;22;32m.[0m[32mor[0m[1;48;5;22;32mg/st[0m[32mat[0m[32mu[0m[32ms[0m[1;48;5;22;32m/404[0m[32m"[0m
Dec 01 10:44:33.726 INFO [stdout] 
Dec 01 10:44:33.726 INFO [stdout] ', src/terminal/iterm2/mod.rs:147:9
Dec 01 10:44:33.726 INFO [stdout] stack backtrace:
Dec 01 10:44:33.726 INFO [stdout]    0:     0x562289af7e7f - std::sys::unix::backtrace::tracing::imp::unwind_backtrace::h3a8b83e1922cbdde
Dec 01 10:44:33.726 INFO [stdout]                                at libstd/sys/unix/backtrace/tracing/gcc_s.rs:49
Dec 01 10:44:33.726 INFO [stdout]    1:     0x562289b05087 - std::sys_common::backtrace::print::h00d3155a29b4020f
Dec 01 10:44:33.726 INFO [stdout]                                at libstd/sys_common/backtrace.rs:71
Dec 01 10:44:33.726 INFO [stdout]                                at libstd/sys_common/backtrace.rs:59
Dec 01 10:44:33.726 INFO [stdout]    2:     0x562289afd95f - std::panicking::default_hook::{{closure}}::hd7465c742e79e1bb
Dec 01 10:44:33.726 INFO [stdout]                                at libstd/panicking.rs:211
Dec 01 10:44:33.726 INFO [stdout]    3:     0x562289afd65e - std::panicking::default_hook::h9e3966f2aa2a6e12
Dec 01 10:44:33.726 INFO [stdout]                                at libstd/panicking.rs:221
Dec 01 10:44:33.726 INFO [stdout]    4:     0x562289afe03e - std::panicking::rust_panic_with_hook::h587f091ae747d080
Dec 01 10:44:33.726 INFO [stdout]                                at libstd/panicking.rs:476
Dec 01 10:44:33.726 INFO [stdout]    5:     0x562289afdbe1 - std::panicking::continue_panic_fmt::hb3a4fdede87f43a8
Dec 01 10:44:33.726 INFO [stdout]                                at libstd/panicking.rs:390
Dec 01 10:44:33.726 INFO [stdout]    6:     0x562289afdb2e - std::panicking::begin_panic_fmt::h387afc7da9a10555
Dec 01 10:44:33.726 INFO [stdout]                                at libstd/panicking.rs:345
Dec 01 10:44:33.726 INFO [stdout]    7:     0x562289533556 - mdcat::terminal::iterm2::tests::read_url_with_http_url_fails_when_status_404::habf6386e3ac1ea63
Dec 01 10:44:33.726 INFO [stdout]                                at src/terminal/iterm2/mod.rs:147
Dec 01 10:44:33.726 INFO [stdout]    8:     0x5622895331f9 - mdcat::terminal::iterm2::tests::read_url_with_http_url_fails_when_status_404::{{closure}}::h965c92a4f5c8097b
Dec 01 10:44:33.726 INFO [stdout]                                at src/terminal/iterm2/mod.rs:140
Dec 01 10:44:33.726 INFO [stdout]    9:     0x562289538bed - core::ops::function::FnOnce::call_once::head59d8978bebf42
Dec 01 10:44:33.726 INFO [stdout]                                at libcore/ops/function.rs:238
Dec 01 10:44:33.726 INFO [stdout]   10:     0x5622895427de - <F as alloc::boxed::FnBox<A>>::call_box::hac903f91577a156c
Dec 01 10:44:33.726 INFO [stdout]                                at libtest/lib.rs:1468
Dec 01 10:44:33.726 INFO [stdout]                                at libcore/ops/function.rs:238
Dec 01 10:44:33.726 INFO [stdout]                                at liballoc/boxed.rs:672
Dec 01 10:44:33.726 INFO [stdout]   11:     0x562289b10039 - __rust_maybe_catch_panic
Dec 01 10:44:33.726 INFO [stdout]                                at libpanic_unwind/lib.rs:102
Dec 01 10:44:33.726 INFO [stdout]   12:     0x562289564432 - std::sys_common::backtrace::__rust_begin_short_backtrace::hb8f0d0309526c184
Dec 01 10:44:33.726 INFO [stdout]                                at libstd/panicking.rs:289
Dec 01 10:44:33.726 INFO [stdout]                                at libstd/panic.rs:392
Dec 01 10:44:33.726 INFO [stdout]                                at libtest/lib.rs:1423
Dec 01 10:44:33.726 INFO [stdout]                                at libstd/sys_common/backtrace.rs:136
Dec 01 10:44:33.726 INFO [stdout]   13:     0x562289564ee4 - std::panicking::try::do_call::hc2f7c8b9a348d8db
Dec 01 10:44:33.726 INFO [stdout]                                at libstd/thread/mod.rs:409
Dec 01 10:44:33.726 INFO [stdout]                                at libstd/panic.rs:313
Dec 01 10:44:33.726 INFO [stdout]                                at libstd/panicking.rs:310
Dec 01 10:44:33.726 INFO [stdout]   14:     0x562289b10039 - __rust_maybe_catch_panic
Dec 01 10:44:33.726 INFO [stdout]                                at libpanic_unwind/lib.rs:102
Dec 01 10:44:33.726 INFO [stdout]   15:     0x56228955211c - <F as alloc::boxed::FnBox<A>>::call_box::h6bfded618e480b32
Dec 01 10:44:33.726 INFO [stdout]                                at libstd/panicking.rs:289
Dec 01 10:44:33.726 INFO [stdout]                                at libstd/panic.rs:392
Dec 01 10:44:33.726 INFO [stdout]                                at libstd/thread/mod.rs:408
Dec 01 10:44:33.726 INFO [stdout]                                at liballoc/boxed.rs:672
Dec 01 10:44:33.726 INFO [stdout]   16:     0x562289afa7fd - std::sys_common::thread::start_thread::h4c28257d67cdf9cb
Dec 01 10:44:33.726 INFO [stdout]                                at liballoc/boxed.rs:682
Dec 01 10:44:33.726 INFO [stdout]                                at libstd/sys_common/thread.rs:24
Dec 01 10:44:33.726 INFO [stdout]   17:     0x562289aea485 - std::sys::unix::thread::Thread::new::thread_start::hfecb2e7eff8fd34f
Dec 01 10:44:33.726 INFO [stdout]                                at libstd/sys/unix/thread.rs:90
Dec 01 10:44:33.726 INFO [stdout]   18:     0x7f65f208e6b9 - start_thread
Dec 01 10:44:33.726 INFO [stdout]   19:     0x7f65f1bae41c - clone
Dec 01 10:44:33.726 INFO [stdout]   20:                0x0 - <unknown>
Dec 01 10:44:33.726 INFO [stdout] 
Dec 01 10:44:33.727 INFO [stdout] 
Dec 01 10:44:33.727 INFO [stdout] failures:
Dec 01 10:44:33.727 INFO [stdout]     terminal::iterm2::tests::read_url_with_http_url_fails_when_status_404
Dec 01 10:44:33.727 INFO [stdout]     terminal::iterm2::tests::read_url_with_http_url_returns_content_when_status_200
Dec 01 10:44:33.727 INFO [stdout] 
Dec 01 10:44:33.727 INFO [stdout] test result: FAILED. 7 passed; 2 failed; 0 ignored; 0 measured; 0 filtered out
Dec 01 10:44:33.727 INFO [stdout] 
Dec 01 10:44:33.740 INFO [stderr] error: test failed, to rerun pass '--lib'
Dec 01 10:44:33.747 INFO [stderr] su: No module specific data is present
Dec 01 10:44:35.174 INFO running `"docker" "inspect" "50b0f6294dbc063622dee6b1954efed11ace9c9260bcee4298cd714c211d2c04"`
Dec 01 10:44:35.507 INFO running `"docker" "rm" "-f" "50b0f6294dbc063622dee6b1954efed11ace9c9260bcee4298cd714c211d2c04"`
Dec 01 10:44:35.856 INFO [stdout] 50b0f6294dbc063622dee6b1954efed11ace9c9260bcee4298cd714c211d2c04
